
{"id":88,"date":"2014-11-21T06:29:43","date_gmt":"2014-11-21T06:29:43","guid":{"rendered":"http:\/\/namloeuropa.wordpress.com\/?page_id=88"},"modified":"2015-07-27T17:12:01","modified_gmt":"2015-07-27T17:12:01","slug":"agermanament-descoles","status":"publish","type":"page","link":"https:\/\/namloeuropa.org\/CA\/programes\/agermanament-descoles\/","title":{"rendered":"Agermanament d&#8217;escoles"},"content":{"rendered":"<p><\/p>\n<p style=\"text-align: justify;\"><span style=\"color: #084f9d;\">INS\u00a0Matadepera<\/span> | <span style=\"color: #084f9d;\">Col\u00b7legi Sant Dom\u00e8nec de Guzm\u00e1n &#8211; Tarragona<\/span>\u00a0| <span style=\"color: #084f9d;\">Escola N\u00faria Morer i Pi &#8211; Plan\u00f2les<\/span><\/p>\n<p style=\"text-align: justify;\">L\u2019agermanament d&#8217;escoles t\u00e9 com a objectiu posar en contacte alumnes de dues escoles de pa\u00efsos diferents i realitats tamb\u00e9 for\u00e7a allunyades, per tal de potenciar el coneixement mutu i treballar els valors de l\u2019amistat i la solidaritat.\u00a0Alumnes d\u2019infantil, prim\u00e0ria i secund\u00e0ria preparen materials educatius pels alumnes de les escoles agermanades, afavorint l\u2019educaci\u00f3 en la solidaritat i la cooperaci\u00f3 internacional.<\/p>\n<p style=\"text-align: justify;\"><img loading=\"lazy\" class=\"alignright wp-image-891 size-medium\" src=\"http:\/\/namloeuropa.org\/wp-content\/uploads\/2014\/11\/agermanament-2-web-300x201.gif\" alt=\"agermanament-2-web\" width=\"300\" height=\"201\" \/>En el cas de Nepal, l\u2019agermanament t\u00e9 com a objectiu fer que ambd\u00f3s col\u00b7lectius d\u2019estudiants practiquin l\u2019\u00fas de la llengua anglesa, amb la motivaci\u00f3 que comporta aquest intercanvi cultural entre dues societats tan diferents i distanciades geogr\u00e0ficament.<\/p>\n<p style=\"text-align: justify;\">Cada curs escolar, la comunitat educativa organitza una campanya solid\u00e0ria per tal d\u2019ajudar a finan\u00e7ar un projecte prioritari per l\u2019escola agermanada del Nepal. Per exemple l&#8217;any 2010 \u2013 2011 es va organitzar un Sopar Solidari que va permetre posar en marxa una aula d\u2019educaci\u00f3 infantil a l\u2019Escola de Dhuskun al Nepal. El curs anterior l\u2019objectiu s\u2019havia centrat en aconseguir beques escolars per dos dels millors alumnes de Dhuskun: Sunil i Biswo, i aix\u00ed ajudar-los a continuar els seus estudis superiors.<\/p>\n<p style=\"text-align: justify;\"><img loading=\"lazy\" class=\"alignleft wp-image-892 size-medium\" src=\"http:\/\/namloeuropa.org\/wp-content\/uploads\/2014\/11\/agermanament-1-web-300x202.gif\" alt=\"agermanament-1-web\" width=\"300\" height=\"202\" \/>Durant el curs escolar 2014-2015 la prioritat de l&#8217;escola agermanada de Khamdenu (Nepal) \u00e9s rebre suport econ\u00f2mic per acabar de construir les quatre\u00a0aules que necessiten per tal de poder afegir dos graus m\u00e9s, i donar d\u2019aquesta manera l\u2019oportunitat als alumnes d\u2019acabar els 10 primers anys d&#8217;escolaritzaci\u00f3.<\/p>\n<p style=\"text-align: justify;\">Actualment, els alumnes de les escoles agermanades\u00a0aprenen sobre la realitat del Nepal i pensen i elaboren materials educatius originals i innovadors per als alumnes de les escoles nepaleses. L\u2019objectiu \u00e9s contribuir a millorar la qualitat de l\u2019aprenentatge de l\u2019alumnat d\u2019aquestes escoles.<\/p>\n<h5 style=\"text-align: justify;\"><strong><span style=\"color: #084f9d;\">Institut de\u00a0Matadepera<\/span><\/strong><\/h5>\n<p>Des de fa una colla d&#8217;anys l&#8217;Institut Matadepera col\u00b7labora amb l\u2019ONG Namlo Europa, la qual centra les seves activitats en l&#8217;\u00e0mbit educatiu al Nepal (construcci\u00f3 d&#8217;escoles, beques, etc). Les activitats m\u00e9s destacades que s\u2019han fet des de l\u2019Institut per col\u00b7laborar-hi han estat els <strong>sopars solidaris<\/strong> del 2012 i del 2013 i l&#8217;<strong>elaboraci\u00f3 de materials per a les escoles de prim\u00e0ria del Nepal<\/strong>.\u00a0Precisament poques hores abans del devastador terratr\u00e8mol del 25 d&#8217;abril de 2015, la fundadora i presidenta de Namlo\u00a0Europa (Magda Nos) va estar a l&#8217;Institut per recollir els llibres elaborats pels estudiants de 3r d&#8217;ESO.<\/p>\n<p>L\u2019objectiu dels darrers sopars solidaris ha estat recollir fons per becar estudiants de les escoles de <span style=\"color: #000000;\">Namlo<\/span>\u00a0per a qu\u00e8 aquests puguin seguir estudis posteriors a la prim\u00e0ria.<\/p>\n<p><iframe loading=\"lazy\" width=\"676\" height=\"380\" src=\"https:\/\/www.youtube.com\/embed\/fdndm4XbuEU?feature=oembed\" frameborder=\"0\" allowfullscreen><\/iframe><\/p>\n<p>*\u00c0lbum de fotografies <a href=\"https:\/\/www.facebook.com\/media\/set\/?set=a.822440471182626.1073741845.171219642971382&amp;type=1\" target=\"_blank\">INS Matadepera &#8211; Escola Agermanada<\/a>.<\/p>\n<h5><strong><span style=\"color: #084f9d;\">Col\u00b7legi Sant Dom\u00e8nec de Guzm\u00e1n &#8211; Tarragona<\/span><\/strong><\/h5>\n<p>El Col\u00b7legi Sant Dom\u00e8nec de Guzm\u00e1n de Tarragona s&#8217;uneix al projecte d&#8217;escoles agermanades amb el Nepal durant el curs 2009-2010. L&#8217;agermanament es realitza gr\u00e0cies a la col\u00b7laboraci\u00f3 de Namlo International, ONG registrada als Estats Units i que llavors liderava l&#8217;ex alpinista catalana Magda Nos. L\u2019any 2011 es crea Namlo Europa amb l&#8217;objectiu de donar suport, com a ONG registrada a Catalunya, els projectes que Magda va iniciar al Nepal fa 15 anys.<\/p>\n<p>Durant aquest temps la comunitat educativa del col\u00b7legi ha col\u00b7laborat amb alumnes i professors de diferents escoles del Nepal, aportant materials pedag\u00f2gics en llengua anglesa elaborats pels mateixos alumnes del centre, enviant llibres de text i material complementari per al seu aprenentatge, fent aportacions econ\u00f2miques per a la compra de mobiliari i beques escolars que el col\u00b7legi ha recaptat realitzant diferents activitats solid\u00e0ries.<\/p>\n<p>El projecte va guanyar el <strong>Premi d&#8217;Educaci\u00f3 Josep Vius i Ciurana<\/strong> corresponent al curs 2013-2014 i que cada any atorga l&#8217;Ajuntament de Tarragona. Els premis volen difondre el treball que realitzen els centres educatius a Tarragona. En total es van presentar una trentena de treballs, dels quals va resultar premiat en la categoria de prim\u00e0ria el projecte d&#8217;Escoles Agermanades amb el Nepal: \u201dCompartir el que estem aprenent\u201d realitzat pels alumnes de 4t de prim\u00e0ria del Col\u00b7legi Sant Dom\u00e8nec de Guzm\u00e1n de Tarragona.<\/p>\n<p>*\u00c0lbum de fotografies <a href=\"https:\/\/www.facebook.com\/media\/set\/?set=a.796518200441520.1073741841.171219642971382&amp;type=3\" target=\"_blank\">Col\u00b7legi Sant Dom\u00e8nec de Guzm\u00e1n &#8211; Escola Agermanada<\/a>.<\/p>\n<h5><strong><span style=\"color: #084f9d;\">Escola N\u00faria Morer i Pi &#8211; Planoles<\/span><\/strong><\/h5>\n<p><iframe loading=\"lazy\" width=\"676\" height=\"380\" src=\"https:\/\/www.youtube.com\/embed\/KRgq1DBPM2o?feature=oembed\" frameborder=\"0\" allowfullscreen><\/iframe><\/p>","protected":false},"excerpt":{"rendered":"<p>INS\u00a0Matadepera | Col\u00b7legi Sant Dom\u00e8nec de Guzm\u00e1n &#8211; Tarragona\u00a0| Escola N\u00faria Morer i Pi &#8211; Plan\u00f2les L\u2019agermanament d&#8217;escoles t\u00e9 com a objectiu posar en contacte alumnes de dues escoles de pa\u00efsos diferents i realitats tamb\u00e9 for\u00e7a allunyades, per tal de potenciar el coneixement mutu i treballar els valors de l\u2019amistat i la solidaritat.\u00a0Alumnes d\u2019infantil, prim\u00e0ria [&hellip;]<\/p>\n","protected":false},"author":1,"featured_media":0,"parent":74,"menu_order":0,"comment_status":"closed","ping_status":"closed","template":"","meta":[],"_links":{"self":[{"href":"https:\/\/namloeuropa.org\/CA\/wp-json\/wp\/v2\/pages\/88"}],"collection":[{"href":"https:\/\/namloeuropa.org\/CA\/wp-json\/wp\/v2\/pages"}],"about":[{"href":"https:\/\/namloeuropa.org\/CA\/wp-json\/wp\/v2\/types\/page"}],"author":[{"embeddable":true,"href":"https:\/\/namloeuropa.org\/CA\/wp-json\/wp\/v2\/users\/1"}],"replies":[{"embeddable":true,"href":"https:\/\/namloeuropa.org\/CA\/wp-json\/wp\/v2\/comments?post=88"}],"version-history":[{"count":14,"href":"https:\/\/namloeuropa.org\/CA\/wp-json\/wp\/v2\/pages\/88\/revisions"}],"predecessor-version":[{"id":1116,"href":"https:\/\/namloeuropa.org\/CA\/wp-json\/wp\/v2\/pages\/88\/revisions\/1116"}],"up":[{"embeddable":true,"href":"https:\/\/namloeuropa.org\/CA\/wp-json\/wp\/v2\/pages\/74"}],"wp:attachment":[{"href":"https:\/\/namloeuropa.org\/CA\/wp-json\/wp\/v2\/media?parent=88"}],"curies":[{"name":"wp","href":"https:\/\/api.w.org\/{rel}","templated":true}]}}

<p></p>
<p style="text-align: justify;"><span style="color: #084f9d;">INS Matadepera</span> | <span style="color: #084f9d;">Col·legi Sant Domènec de Guzmán &#8211; Tarragona</span> | <span style="color: #084f9d;">Escola Núria Morer i Pi &#8211; Planòles</span></p>
<p style="text-align: justify;">L’agermanament d&#8217;escoles té com a objectiu posar en contacte alumnes de dues escoles de països diferents i realitats també força allunyades, per tal de potenciar el coneixement mutu i treballar els valors de l’amistat i la solidaritat. Alumnes d’infantil, primària i secundària preparen materials educatius pels alumnes de les escoles agermanades, afavorint l’educació en la solidaritat i la cooperació internacional.</p>
<p style="text-align: justify;"><img loading="lazy" class="alignright wp-image-891 size-medium" src="http://namloeuropa.org/wp-content/uploads/2014/11/agermanament-2-web-300x201.gif" alt="agermanament-2-web" width="300" height="201" />En el cas de Nepal, l’agermanament té com a objectiu fer que ambdós col·lectius d’estudiants practiquin l’ús de la llengua anglesa, amb la motivació que comporta aquest intercanvi cultural entre dues societats tan diferents i distanciades geogràficament.</p>
<p style="text-align: justify;">Cada curs escolar, la comunitat educativa organitza una campanya solidària per tal d’ajudar a finançar un projecte prioritari per l’escola agermanada del Nepal. Per exemple l&#8217;any 2010 – 2011 es va organitzar un Sopar Solidari que va permetre posar en marxa una aula d’educació infantil a l’Escola de Dhuskun al Nepal. El curs anterior l’objectiu s’havia centrat en aconseguir beques escolars per dos dels millors alumnes de Dhuskun: Sunil i Biswo, i així ajudar-los a continuar els seus estudis superiors.</p>
<p style="text-align: justify;"><img loading="lazy" class="alignleft wp-image-892 size-medium" src="http://namloeuropa.org/wp-content/uploads/2014/11/agermanament-1-web-300x202.gif" alt="agermanament-1-web" width="300" height="202" />Durant el curs escolar 2014-2015 la prioritat de l&#8217;escola agermanada de Khamdenu (Nepal) és rebre suport econòmic per acabar de construir les quatre aules que necessiten per tal de poder afegir dos graus més, i donar d’aquesta manera l’oportunitat als alumnes d’acabar els 10 primers anys d&#8217;escolarització.</p>
<p style="text-align: justify;">Actualment, els alumnes de les escoles agermanades aprenen sobre la realitat del Nepal i pensen i elaboren materials educatius originals i innovadors per als alumnes de les escoles nepaleses. L’objectiu és contribuir a millorar la qualitat de l’aprenentatge de l’alumnat d’aquestes escoles.</p>
<h5 style="text-align: justify;"><strong><span style="color: #084f9d;">Institut de Matadepera</span></strong></h5>
<p>Des de fa una colla d&#8217;anys l&#8217;Institut Matadepera col·labora amb l’ONG Namlo Europa, la qual centra les seves activitats en l&#8217;àmbit educatiu al Nepal (construcció d&#8217;escoles, beques, etc). Les activitats més destacades que s’han fet des de l’Institut per col·laborar-hi han estat els <strong>sopars solidaris</strong> del 2012 i del 2013 i l&#8217;<strong>elaboració de materials per a les escoles de primària del Nepal</strong>. Precisament poques hores abans del devastador terratrèmol del 25 d&#8217;abril de 2015, la fundadora i presidenta de Namlo Europa (Magda Nos) va estar a l&#8217;Institut per recollir els llibres elaborats pels estudiants de 3r d&#8217;ESO.</p>
<p>L’objectiu dels darrers sopars solidaris ha estat recollir fons per becar estudiants de les escoles de <span style="color: #000000;">Namlo</span> per a què aquests puguin seguir estudis posteriors a la primària.</p>
<p><iframe loading="lazy" width="676" height="380" src="https://www.youtube.com/embed/fdndm4XbuEU?feature=oembed" frameborder="0" allowfullscreen></iframe></p>
<p>*Àlbum de fotografies <a href="https://www.facebook.com/media/set/?set=a.822440471182626.1073741845.171219642971382&amp;type=1" target="_blank">INS Matadepera &#8211; Escola Agermanada</a>.</p>
<h5><strong><span style="color: #084f9d;">Col·legi Sant Domènec de Guzmán &#8211; Tarragona</span></strong></h5>
<p>El Col·legi Sant Domènec de Guzmán de Tarragona s&#8217;uneix al projecte d&#8217;escoles agermanades amb el Nepal durant el curs 2009-2010. L&#8217;agermanament es realitza gràcies a la col·laboració de Namlo International, ONG registrada als Estats Units i que llavors liderava l&#8217;ex alpinista catalana Magda Nos. L’any 2011 es crea Namlo Europa amb l&#8217;objectiu de donar suport, com a ONG registrada a Catalunya, els projectes que Magda va iniciar al Nepal fa 15 anys.</p>
<p>Durant aquest temps la comunitat educativa del col·legi ha col·laborat amb alumnes i professors de diferents escoles del Nepal, aportant materials pedagògics en llengua anglesa elaborats pels mateixos alumnes del centre, enviant llibres de text i material complementari per al seu aprenentatge, fent aportacions econòmiques per a la compra de mobiliari i beques escolars que el col·legi ha recaptat realitzant diferents activitats solidàries.</p>
<p>El projecte va guanyar el <strong>Premi d&#8217;Educació Josep Vius i Ciurana</strong> corresponent al curs 2013-2014 i que cada any atorga l&#8217;Ajuntament de Tarragona. Els premis volen difondre el treball que realitzen els centres educatius a Tarragona. En total es van presentar una trentena de treballs, dels quals va resultar premiat en la categoria de primària el projecte d&#8217;Escoles Agermanades amb el Nepal: ”Compartir el que estem aprenent” realitzat pels alumnes de 4t de primària del Col·legi Sant Domènec de Guzmán de Tarragona.</p>
<p>*Àlbum de fotografies <a href="https://www.facebook.com/media/set/?set=a.796518200441520.1073741841.171219642971382&amp;type=3" target="_blank">Col·legi Sant Domènec de Guzmán &#8211; Escola Agermanada</a>.</p>
<h5><strong><span style="color: #084f9d;">Escola Núria Morer i Pi &#8211; Planoles</span></strong></h5>
<p><iframe loading="lazy" width="676" height="380" src="https://www.youtube.com/embed/KRgq1DBPM2o?feature=oembed" frameborder="0" allowfullscreen></iframe></p>

<p>INS Matadepera | Col·legi Sant Domènec de Guzmán &#8211; Tarragona | Escola Núria Morer i Pi &#8211; Planòles L’agermanament d&#8217;escoles té com a objectiu posar en contacte alumnes de dues escoles de països diferents i realitats també força allunyades, per tal de potenciar el coneixement mutu i treballar els valors de l’amistat i la solidaritat. Alumnes d’infantil, primària [&hellip;]</p>
