
{"id":5,"date":"2014-11-21T04:55:14","date_gmt":"2014-11-21T04:55:14","guid":{"rendered":"http:\/\/namloeuropa.wordpress.com\/?page_id=2"},"modified":"2015-05-03T20:42:38","modified_gmt":"2015-05-03T20:42:38","slug":"benvinguts-a-namlo-europa","status":"publish","type":"page","link":"https:\/\/namloeuropa.org\/CA\/benvinguts-a-namlo-europa\/","title":{"rendered":"Namlo Europa"},"content":{"rendered":"<p><iframe loading=\"lazy\" width=\"676\" height=\"380\" src=\"https:\/\/www.youtube.com\/embed\/RUHbNprIsTQ?feature=oembed\" frameborder=\"0\" allowfullscreen><\/iframe><\/p>\n<p style=\"text-align: justify;\">Som una associaci\u00f3 sense \u00e0nim de lucre, ni afinitat pol\u00edtica ni religiosa. Treballem per millorar la situaci\u00f3 de moltes persones a trav\u00e9s de programes educatius i de suport a les comunitats nepaleses, potenciant la seva autosufici\u00e8ncia.<\/p>\n<p><\/p>","protected":false},"excerpt":{"rendered":"<p>Som una associaci\u00f3 sense \u00e0nim de lucre, ni afinitat pol\u00edtica ni religiosa. Treballem per millorar la situaci\u00f3 de moltes persones a trav\u00e9s de programes educatius i de suport a les comunitats nepaleses, potenciant la seva autosufici\u00e8ncia.<\/p>\n","protected":false},"author":1,"featured_media":0,"parent":0,"menu_order":0,"comment_status":"closed","ping_status":"closed","template":"","meta":[],"_links":{"self":[{"href":"https:\/\/namloeuropa.org\/CA\/wp-json\/wp\/v2\/pages\/5"}],"collection":[{"href":"https:\/\/namloeuropa.org\/CA\/wp-json\/wp\/v2\/pages"}],"about":[{"href":"https:\/\/namloeuropa.org\/CA\/wp-json\/wp\/v2\/types\/page"}],"author":[{"embeddable":true,"href":"https:\/\/namloeuropa.org\/CA\/wp-json\/wp\/v2\/users\/1"}],"replies":[{"embeddable":true,"href":"https:\/\/namloeuropa.org\/CA\/wp-json\/wp\/v2\/comments?post=5"}],"version-history":[{"count":10,"href":"https:\/\/namloeuropa.org\/CA\/wp-json\/wp\/v2\/pages\/5\/revisions"}],"predecessor-version":[{"id":810,"href":"https:\/\/namloeuropa.org\/CA\/wp-json\/wp\/v2\/pages\/5\/revisions\/810"}],"wp:attachment":[{"href":"https:\/\/namloeuropa.org\/CA\/wp-json\/wp\/v2\/media?parent=5"}],"curies":[{"name":"wp","href":"https:\/\/api.w.org\/{rel}","templated":true}]}}

<p><iframe loading="lazy" width="676" height="380" src="https://www.youtube.com/embed/RUHbNprIsTQ?feature=oembed" frameborder="0" allowfullscreen></iframe></p>
<p style="text-align: justify;">Som una associació sense ànim de lucre, ni afinitat política ni religiosa. Treballem per millorar la situació de moltes persones a través de programes educatius i de suport a les comunitats nepaleses, potenciant la seva autosuficiència.</p>
<p></p>

<p>Som una associació sense ànim de lucre, ni afinitat política ni religiosa. Treballem per millorar la situació de moltes persones a través de programes educatius i de suport a les comunitats nepaleses, potenciant la seva autosuficiència.</p>
