
{"id":102,"date":"2014-11-21T06:38:04","date_gmt":"2014-11-21T06:38:04","guid":{"rendered":"http:\/\/namloeuropa.wordpress.com\/?page_id=102"},"modified":"2015-11-27T18:11:51","modified_gmt":"2015-11-27T18:11:51","slug":"beques-escolars","status":"publish","type":"page","link":"https:\/\/namloeuropa.org\/CA\/programes\/beques-escolars\/","title":{"rendered":"Beques escolars"},"content":{"rendered":"<p><\/p>\n<h6 style=\"text-align: justify;\">Programa de Beques Sushil Tamang<\/h6>\n<p style=\"text-align: justify;\">A <span style=\"color: #07599d;\">Namlo Europa<\/span> som conscients del fet que els infants i els joves s\u00f3n protagonistes en la construcci\u00f3 d\u2019un futur millor i, per tant, la seva formaci\u00f3 adquireix un valor de gran import\u00e0ncia. Per aix\u00f2, <span style=\"color: #07599d;\">Namlo Europa<\/span> ha assumit el comprom\u00eds de treballar en favor de l\u2019acc\u00e9s i la igualtat en l\u2019educaci\u00f3, cooperant en l\u2019\u00e0mbit educatiu i formatiu com a eina fonamental de lluita contra la pobresa i a favor del desenvolupament.<\/p>\n<p style=\"text-align: justify;\">El <strong>Programa de Beques Sushil Tamang permetr\u00e0 que altres nens i nenes puguin arribar a fer realitat els seus somnis educatius i estar millor preparats per ajudar a les seves comunitats<\/strong>. Entre altres, cada any facilitarem als alumnes becats uniformes, roba personal, material escolar, motxilles i tutoria addicional, si els cal.<\/p>\n<p><\/p>","protected":false},"excerpt":{"rendered":"<p>Programa de Beques Sushil Tamang A Namlo Europa som conscients del fet que els infants i els joves s\u00f3n protagonistes en la construcci\u00f3 d\u2019un futur millor i, per tant, la seva formaci\u00f3 adquireix un valor de gran import\u00e0ncia. Per aix\u00f2, Namlo Europa ha assumit el comprom\u00eds de treballar en favor de l\u2019acc\u00e9s i la igualtat [&hellip;]<\/p>\n","protected":false},"author":1,"featured_media":0,"parent":74,"menu_order":0,"comment_status":"closed","ping_status":"closed","template":"","meta":[],"_links":{"self":[{"href":"https:\/\/namloeuropa.org\/CA\/wp-json\/wp\/v2\/pages\/102"}],"collection":[{"href":"https:\/\/namloeuropa.org\/CA\/wp-json\/wp\/v2\/pages"}],"about":[{"href":"https:\/\/namloeuropa.org\/CA\/wp-json\/wp\/v2\/types\/page"}],"author":[{"embeddable":true,"href":"https:\/\/namloeuropa.org\/CA\/wp-json\/wp\/v2\/users\/1"}],"replies":[{"embeddable":true,"href":"https:\/\/namloeuropa.org\/CA\/wp-json\/wp\/v2\/comments?post=102"}],"version-history":[{"count":10,"href":"https:\/\/namloeuropa.org\/CA\/wp-json\/wp\/v2\/pages\/102\/revisions"}],"predecessor-version":[{"id":1220,"href":"https:\/\/namloeuropa.org\/CA\/wp-json\/wp\/v2\/pages\/102\/revisions\/1220"}],"up":[{"embeddable":true,"href":"https:\/\/namloeuropa.org\/CA\/wp-json\/wp\/v2\/pages\/74"}],"wp:attachment":[{"href":"https:\/\/namloeuropa.org\/CA\/wp-json\/wp\/v2\/media?parent=102"}],"curies":[{"name":"wp","href":"https:\/\/api.w.org\/{rel}","templated":true}]}}

<p></p>
<h6 style="text-align: justify;">Programa de Beques Sushil Tamang</h6>
<p style="text-align: justify;">A <span style="color: #07599d;">Namlo Europa</span> som conscients del fet que els infants i els joves són protagonistes en la construcció d’un futur millor i, per tant, la seva formació adquireix un valor de gran importància. Per això, <span style="color: #07599d;">Namlo Europa</span> ha assumit el compromís de treballar en favor de l’accés i la igualtat en l’educació, cooperant en l’àmbit educatiu i formatiu com a eina fonamental de lluita contra la pobresa i a favor del desenvolupament.</p>
<p style="text-align: justify;">El <strong>Programa de Beques Sushil Tamang permetrà que altres nens i nenes puguin arribar a fer realitat els seus somnis educatius i estar millor preparats per ajudar a les seves comunitats</strong>. Entre altres, cada any facilitarem als alumnes becats uniformes, roba personal, material escolar, motxilles i tutoria addicional, si els cal.</p>
<p></p>

<p>Programa de Beques Sushil Tamang A Namlo Europa som conscients del fet que els infants i els joves són protagonistes en la construcció d’un futur millor i, per tant, la seva formació adquireix un valor de gran importància. Per això, Namlo Europa ha assumit el compromís de treballar en favor de l’accés i la igualtat [&hellip;]</p>
