
{"id":24,"date":"2014-11-21T05:26:46","date_gmt":"2014-11-21T05:26:46","guid":{"rendered":"http:\/\/namloeuropa.wordpress.com\/?page_id=24"},"modified":"2015-05-03T21:06:46","modified_gmt":"2015-05-03T21:06:46","slug":"missio","status":"publish","type":"page","link":"http:\/\/namloeuropa.org\/CA\/sobre-namlo\/missio\/","title":{"rendered":"Missi\u00f3"},"content":{"rendered":"<p><\/p>\n<p style=\"text-align: justify;\"><span style=\"color: #084f9d;\">Namlo Europa<\/span> treballa per combatre la pobresa a trav\u00e9s de l\u2019educaci\u00f3 i el desenvolupament sostenible a trav\u00e9s de projectes que ajuden a millorar la situaci\u00f3 de les comunitats m\u00e9s desfavorides.<\/p>\n<p style=\"text-align: justify;\">Considerem que l\u2019educaci\u00f3 \u00e9s la base del desenvolupament en una societat globalitzada i avan\u00e7ada tecnol\u00f2gicament. Els nens i joves s\u00f3n protagonistes en la construcci\u00f3 d\u2019un futur millor i, des d\u2019aquesta vessant, la seva formaci\u00f3 adquireix un valor de gran import\u00e0ncia.<\/p>\n<p style=\"text-align: justify;\">Per tot aix\u00f2, <span style=\"color: #084f9d;\">Namlo Europa<\/span> ha assumit el comprom\u00eds de treballar en favor de l\u2019acc\u00e9s i la igualtat en l\u2019educaci\u00f3, cooperant en l\u2019\u00e0mbit educatiu i formatiu com a eina fonamental de lluita contra la pobresa i a favor del desenvolupament.<\/p>\n<h3 style=\"text-align: center;\">L\u2019Objectiu final \u00e9s ajudar buscant l\u2019autosufici\u00e8ncia sense crear depend\u00e8ncia.<\/h3>\n<p><\/p>","protected":false},"excerpt":{"rendered":"<p>Namlo Europa treballa per combatre la pobresa a trav\u00e9s de l\u2019educaci\u00f3 i el desenvolupament sostenible a trav\u00e9s de projectes que ajuden a millorar la situaci\u00f3 de les comunitats m\u00e9s desfavorides. Considerem que l\u2019educaci\u00f3 \u00e9s la base del desenvolupament en una societat globalitzada i avan\u00e7ada tecnol\u00f2gicament. Els nens i joves s\u00f3n protagonistes en la construcci\u00f3 d\u2019un [&hellip;]<\/p>\n","protected":false},"author":1,"featured_media":0,"parent":12,"menu_order":0,"comment_status":"closed","ping_status":"closed","template":"","meta":[],"_links":{"self":[{"href":"http:\/\/namloeuropa.org\/CA\/wp-json\/wp\/v2\/pages\/24"}],"collection":[{"href":"http:\/\/namloeuropa.org\/CA\/wp-json\/wp\/v2\/pages"}],"about":[{"href":"http:\/\/namloeuropa.org\/CA\/wp-json\/wp\/v2\/types\/page"}],"author":[{"embeddable":true,"href":"http:\/\/namloeuropa.org\/CA\/wp-json\/wp\/v2\/users\/1"}],"replies":[{"embeddable":true,"href":"http:\/\/namloeuropa.org\/CA\/wp-json\/wp\/v2\/comments?post=24"}],"version-history":[{"count":7,"href":"http:\/\/namloeuropa.org\/CA\/wp-json\/wp\/v2\/pages\/24\/revisions"}],"predecessor-version":[{"id":1839,"href":"http:\/\/namloeuropa.org\/CA\/wp-json\/wp\/v2\/pages\/24\/revisions\/1839"}],"up":[{"embeddable":true,"href":"http:\/\/namloeuropa.org\/CA\/wp-json\/wp\/v2\/pages\/12"}],"wp:attachment":[{"href":"http:\/\/namloeuropa.org\/CA\/wp-json\/wp\/v2\/media?parent=24"}],"curies":[{"name":"wp","href":"https:\/\/api.w.org\/{rel}","templated":true}]}}

Missió

<p></p>
<p style="text-align: justify;"><span style="color: #084f9d;">Namlo Europa</span> treballa per combatre la pobresa a través de l’educació i el desenvolupament sostenible a través de projectes que ajuden a millorar la situació de les comunitats més desfavorides.</p>
<p style="text-align: justify;">Considerem que l’educació és la base del desenvolupament en una societat globalitzada i avançada tecnològicament. Els nens i joves són protagonistes en la construcció d’un futur millor i, des d’aquesta vessant, la seva formació adquireix un valor de gran importància.</p>
<p style="text-align: justify;">Per tot això, <span style="color: #084f9d;">Namlo Europa</span> ha assumit el compromís de treballar en favor de l’accés i la igualtat en l’educació, cooperant en l’àmbit educatiu i formatiu com a eina fonamental de lluita contra la pobresa i a favor del desenvolupament.</p>
<h3 style="text-align: center;">L’Objectiu final és ajudar buscant l’autosuficiència sense crear dependència.</h3>
<p></p>

<p>Namlo Europa treballa per combatre la pobresa a través de l’educació i el desenvolupament sostenible a través de projectes que ajuden a millorar la situació de les comunitats més desfavorides. Considerem que l’educació és la base del desenvolupament en una societat globalitzada i avançada tecnològicament. Els nens i joves són protagonistes en la construcció d’un [&hellip;]</p>
