
{"id":17,"date":"2014-11-21T05:16:02","date_gmt":"2014-11-21T05:16:02","guid":{"rendered":"http:\/\/namloeuropa.wordpress.com\/?page_id=17"},"modified":"2015-05-03T20:59:36","modified_gmt":"2015-05-03T20:59:36","slug":"els-inicis","status":"publish","type":"page","link":"http:\/\/namloeuropa.org\/CA\/sobre-namlo\/els-inicis\/","title":{"rendered":"Els inicis"},"content":{"rendered":"<p><\/p>\n<p style=\"text-align: justify;\">\u201cL\u2019\u00e8xit del primer vuit mil femen\u00ed de l\u2019Estat espanyol, (1989 \u2013 Cho Oyu, 8.201 m.) em va animar a continuar organitzant expedicions a vuit mil metres i cada una d\u2019elles em feia sentir m\u00e9s agra\u00efda per l\u2019ajuda dels Xerpes.<\/p>\n<div id=\"attachment_327\" style=\"width: 330px\" class=\"wp-caption alignright\"><img aria-describedby=\"caption-attachment-327\" loading=\"lazy\" class=\"size-full wp-image-327\" src=\"http:\/\/namloeuropa.org\/wp-content\/uploads\/2014\/11\/1412763297072.jpg\" alt=\"Magda Nos i M\u00f2nica Verge, Cho Oyu 1989\" width=\"320\" height=\"180\" srcset=\"http:\/\/namloeuropa.org\/wp-content\/uploads\/2014\/11\/1412763297072.jpg 320w, http:\/\/namloeuropa.org\/wp-content\/uploads\/2014\/11\/1412763297072-300x168.jpg 300w\" sizes=\"(max-width: 320px) 100vw, 320px\" \/><p id=\"caption-attachment-327\" class=\"wp-caption-text\">Magda Nos i M\u00f2nica Verge, Cho Oyu 1989<\/p><\/div>\n<p style=\"text-align: justify;\">Despr\u00e9s de set vuit mils, vaig decidir que era hora de fer quelcom pels que tant m\u2019havien ajudat i per primer cop, a la primavera de 1998, vaig tornar al Nepal sense cap perm\u00eds per un vuit mil, per\u00f2 aix\u00f2 s\u00ed, amb un objectiu molt m\u00e9s complex: com ajudar la gent del Nepal?<\/p>\n<p style=\"text-align: justify;\">Durant dos mesos vaig visitar molts pobles, sovint lluny de les \u00e0rees de trekking, i vaig poder con\u00e8ixer encara molt m\u00e9s a fons la seva dura realitat i les dificultats a qu\u00e8 s\u2019enfronten cada dia \u2013 sempre amb el mateix somriure i sense perdre l\u2019esperan\u00e7a d\u2019un futur millor. Un mat\u00ed, caminant a prop del mass\u00eds dels Annapurnes, em vaig creuar amb un grup de nens que en lloc de portar llibres d\u2019escola, tornaven del camp carregats de menjar pel bestiar de casa seva. No anaven a l\u2019escola perqu\u00e8 al seu poble no n\u2019hi havia, i de cop i volta vaig entendre que el millor regal que els podia fer era oferir-los l\u2019oportunitat de rebre educaci\u00f3. El cost d\u2019una expedici\u00f3 a vuit mil metres em permetria comprar els materials per construir una escola i, vaig decidir fer-ho realitat l\u2019any 1999. Aquell any vaig passar tres mesos a Yarmasing, a prop del Tibet, construint una escola de cinc aules per a m\u00e9s de cent nens \u2013 la primera escola de Namlo International.<\/p>\n<h4 style=\"text-align: center;\">&#8216;El cost d&#8217;una\u00a0expedici\u00f3 a un vuit\u00a0mil metres\u00a0em\u00a0permetria comprar els\u00a0materials per a construir\u00a0una escola i vaig decidir fer-ho realitat\u00a0l&#8217;any 1999&#8217;<\/h4>\n<p style=\"text-align: justify;\">Durant els darrers 15 anys hem ajudat a construir un total de vuit escoles al Nepal i Nicaragua, on m\u00e9s de 2.000 nens estan rebent una bona educaci\u00f3. Tamb\u00e9 hem constru\u00eft dues escoles d\u2019oficis on s\u2019imparteixen classes d\u2019educaci\u00f3 d\u2019adults, aix\u00ed com l\u2019aprenentatge d\u2019oficis, el que permet a les comunitats crear els seus negocis i arribar a l\u2019autosufici\u00e8ncia. Tamb\u00e9, m\u00e9s de 2.300 han participat en el programa d\u2019agermanament d\u2019escoles. Com que algunes de les escoles agermanades es troben a Catalunya, l\u2019any 2011 vam decidir crear Namlo Europa per a poder oferir un millor servei a mestres i escoles locals, aix\u00ed com per a facilitar l\u2019intercanvi d\u2019experi\u00e8ncies i divulgaci\u00f3 d\u2019informaci\u00f3\u201d.<\/p>\n<p><span style=\"color: #084f9d;\"><strong>Magda Nos<\/strong><\/span> <em>Fundadora de Namlo International i Namlo Europa<\/em><\/p>","protected":false},"excerpt":{"rendered":"<p>\u201cL\u2019\u00e8xit del primer vuit mil femen\u00ed de l\u2019Estat espanyol, (1989 \u2013 Cho Oyu, 8.201 m.) em va animar a continuar organitzant expedicions a vuit mil metres i cada una d\u2019elles em feia sentir m\u00e9s agra\u00efda per l\u2019ajuda dels Xerpes. Despr\u00e9s de set vuit mils, vaig decidir que era hora de fer quelcom pels que tant [&hellip;]<\/p>\n","protected":false},"author":1,"featured_media":0,"parent":12,"menu_order":0,"comment_status":"closed","ping_status":"closed","template":"","meta":[],"_links":{"self":[{"href":"http:\/\/namloeuropa.org\/CA\/wp-json\/wp\/v2\/pages\/17"}],"collection":[{"href":"http:\/\/namloeuropa.org\/CA\/wp-json\/wp\/v2\/pages"}],"about":[{"href":"http:\/\/namloeuropa.org\/CA\/wp-json\/wp\/v2\/types\/page"}],"author":[{"embeddable":true,"href":"http:\/\/namloeuropa.org\/CA\/wp-json\/wp\/v2\/users\/1"}],"replies":[{"embeddable":true,"href":"http:\/\/namloeuropa.org\/CA\/wp-json\/wp\/v2\/comments?post=17"}],"version-history":[{"count":9,"href":"http:\/\/namloeuropa.org\/CA\/wp-json\/wp\/v2\/pages\/17\/revisions"}],"predecessor-version":[{"id":859,"href":"http:\/\/namloeuropa.org\/CA\/wp-json\/wp\/v2\/pages\/17\/revisions\/859"}],"up":[{"embeddable":true,"href":"http:\/\/namloeuropa.org\/CA\/wp-json\/wp\/v2\/pages\/12"}],"wp:attachment":[{"href":"http:\/\/namloeuropa.org\/CA\/wp-json\/wp\/v2\/media?parent=17"}],"curies":[{"name":"wp","href":"https:\/\/api.w.org\/{rel}","templated":true}]}}

<p></p>
<p style="text-align: justify;">“L’èxit del primer vuit mil femení de l’Estat espanyol, (1989 – Cho Oyu, 8.201 m.) em va animar a continuar organitzant expedicions a vuit mil metres i cada una d’elles em feia sentir més agraïda per l’ajuda dels Xerpes.</p>
<div id="attachment_327" style="width: 330px" class="wp-caption alignright"><img aria-describedby="caption-attachment-327" loading="lazy" class="size-full wp-image-327" src="http://namloeuropa.org/wp-content/uploads/2014/11/1412763297072.jpg" alt="Magda Nos i Mònica Verge, Cho Oyu 1989" width="320" height="180" srcset="http://namloeuropa.org/wp-content/uploads/2014/11/1412763297072.jpg 320w, http://namloeuropa.org/wp-content/uploads/2014/11/1412763297072-300x168.jpg 300w" sizes="(max-width: 320px) 100vw, 320px" /><p id="caption-attachment-327" class="wp-caption-text">Magda Nos i Mònica Verge, Cho Oyu 1989</p></div>
<p style="text-align: justify;">Després de set vuit mils, vaig decidir que era hora de fer quelcom pels que tant m’havien ajudat i per primer cop, a la primavera de 1998, vaig tornar al Nepal sense cap permís per un vuit mil, però això sí, amb un objectiu molt més complex: com ajudar la gent del Nepal?</p>
<p style="text-align: justify;">Durant dos mesos vaig visitar molts pobles, sovint lluny de les àrees de trekking, i vaig poder conèixer encara molt més a fons la seva dura realitat i les dificultats a què s’enfronten cada dia – sempre amb el mateix somriure i sense perdre l’esperança d’un futur millor. Un matí, caminant a prop del massís dels Annapurnes, em vaig creuar amb un grup de nens que en lloc de portar llibres d’escola, tornaven del camp carregats de menjar pel bestiar de casa seva. No anaven a l’escola perquè al seu poble no n’hi havia, i de cop i volta vaig entendre que el millor regal que els podia fer era oferir-los l’oportunitat de rebre educació. El cost d’una expedició a vuit mil metres em permetria comprar els materials per construir una escola i, vaig decidir fer-ho realitat l’any 1999. Aquell any vaig passar tres mesos a Yarmasing, a prop del Tibet, construint una escola de cinc aules per a més de cent nens – la primera escola de Namlo International.</p>
<h4 style="text-align: center;">&#8216;El cost d&#8217;una expedició a un vuit mil metres em permetria comprar els materials per a construir una escola i vaig decidir fer-ho realitat l&#8217;any 1999&#8217;</h4>
<p style="text-align: justify;">Durant els darrers 15 anys hem ajudat a construir un total de vuit escoles al Nepal i Nicaragua, on més de 2.000 nens estan rebent una bona educació. També hem construït dues escoles d’oficis on s’imparteixen classes d’educació d’adults, així com l’aprenentatge d’oficis, el que permet a les comunitats crear els seus negocis i arribar a l’autosuficiència. També, més de 2.300 han participat en el programa d’agermanament d’escoles. Com que algunes de les escoles agermanades es troben a Catalunya, l’any 2011 vam decidir crear Namlo Europa per a poder oferir un millor servei a mestres i escoles locals, així com per a facilitar l’intercanvi d’experiències i divulgació d’informació”.</p>
<p><span style="color: #084f9d;"><strong>Magda Nos</strong></span> <em>Fundadora de Namlo International i Namlo Europa</em></p>

<p>“L’èxit del primer vuit mil femení de l’Estat espanyol, (1989 – Cho Oyu, 8.201 m.) em va animar a continuar organitzant expedicions a vuit mil metres i cada una d’elles em feia sentir més agraïda per l’ajuda dels Xerpes. Després de set vuit mils, vaig decidir que era hora de fer quelcom pels que tant [&hellip;]</p>
